at is the units digit of (2 - r) + (33 - 4)?
1
What is the thousands digit of -99 + 108 - (2 + -3323)?
3
Let l = -25 + 31. Suppose -4*r - 16 = 5*j + 20, -r - 2*j = l. What is the tens digit of (-132)/21*r/4?
2
What is the hundreds digit of 34341/45 + 1/(90/(-12))?
7
What is the units digit of (-5)/((-40)/24) - -2136?
9
Let i be (-618)/5 - 60/(-100). Let s be (8 - 4) + 0 + 179. Let u = i + s. What is the tens digit of u?
6
Suppose 3*q - 250 - 290 = 0. What is the units digit of (q/(-70))/((-4)/14)?
9
Let w(t) = -t**3 - 5*t**2 - 4*t - 7. Let b be w(-5). Let s = 8 + b. What is the units digit of s?
1
Let i(q) = 19*q + 19. Let r be i(4). Let o = 170 - r. What is the units digit of o?
5
Let b(k) = -56*k**3 - 14*k**2 + 11*k + 25. Let h(c) = -19*c**3 - 5*c**2 + 4*c + 8. Let v(u) = -6*b(u) + 17*h(u). What is the units digit of v(3)?
4
Let m = -94 - -157. Let s be 45/m + (-4)/(-14). Let b(r) = 47*r**2 - 1. What is the tens digit of b(s)?
4
Suppose c - 10 = -4*c. Suppose -c*r + 403 = 2*r - 5*h, -r = -2*h - 100. Suppose -5*f + 58 + r = 0. What is the units digit of f?
2
Suppose -27*l + 316 = -31*l. Let x = -28 - l. What is the units digit of x?
1
Let j be 393/2 + 60/(-40). Suppose 230 = 5*u - 2*b, -u = 4*u + 5*b - j. What is the units digit of u?
4
Let p = 315 - -372. What is the units digit of p?
7
Let b(i) = -5*i**3 - 6*i**2 - i + 7. What is the units digit of b(-5)?
7
Suppose 6039 = 4*x - 5*w, x + w - 978 = 534. What is the tens digit of x?
1
Let v = 753 + -264. What is the tens digit of v?
8
Let n(u) = 258*u**2 + u - 6. What is the hundreds digit of n(-3)?
3
Let f(q) = q - 5 + q - 4*q. Let b be f(-4). What is the units digit of (0 - 4)*(-4 - b)?
8
Let b(v) = 2*v + 2. Let p be -2*(3 - 2) + -1. Let n be b(p). What is the units digit of (-1)/n - 710/(-40)?
8
What is the hundreds digit of (66/8)/(6 + 2607/(-440))?
1
Let a(j) = 28*j. Let k be a(-1). Let o be (-6 - (4 + -6))/1. What is the units digit of 36/21*k/o?
2
Let i(g) = -g**3 - 8*g**2 + 9*g - 1. Let y be i(-9). What is the tens digit of y*(0 - -7)*(-21 - -12)?
6
Suppose 4*h - 131 = -11. Let c be ((-12)/10)/(h/(-200)). What is the units digit of (-11 + 1)/(c + -10)?
5
Suppose 5*n = 6*n - 45. Let h = 295 + -190. Let o = h - n. What is the units digit of o?
0
Suppose 2282 = 38*v - 3418. What is the hundreds digit of v?
1
Let r(f) = f**2 - 7*f + 28. Let t(d) = 2*d**2 - 3*d. Let z be t(3). What is the tens digit of r(z)?
4
Let w = -693 - -2754. What is the hundreds digit of w?
0
Let z = 88 + -88. Let q(t) be the first derivative of -t**3/3 + t**2/2 + 2*t - 1. What is the units digit of q(z)?
2
What is the tens digit of (54/60*-5)/(6/(-1388))?
4
Let w be 84 + (-5 - -2) + 3. What is the units digit of (-11)/(4 - w/20)?
5
Let s = -129 - -38. Let p = s + 107. What is the tens digit of p?
1
Let p(b) = b**3 + 14*b**2 + 12*b - 13. Let j be p(-13). Suppose 3*s + s = j. Suppose -3*t + 15 = -s*t. What is the units digit of t?
5
Let v(z) = 20*z**2 - 3. Let g be v(3). Let a = g + -99. What is the units digit of a?
8
Suppose 7*o + 47 - 299 = 0. Suppose 34*w - o*w + 62 = 0. What is the units digit of w?
1
Suppose b - 3314 = c, -6*b + 3*b + 9942 = 2*c. What is the hundreds digit of b?
3
Let a(j) = j**3 + 13*j**2 + 22*j - 1. What is the tens digit of a(-8)?
4
Suppose -4*f + 5*b + 268 + 85 = 0, 0 = 4*f + b - 323. Let p = f - 16. What is the tens digit of p?
6
Let d = -13 - -14. Suppose 4 = n + d. Suppose n*i - 57 = 3*a, i - 104 = -4*i - 4*a. What is the tens digit of i?
2
Suppose -5*p = -4*h - 936 - 16, p - 185 = -h. What is the tens digit of p?
8
Let r(n) = n**2 + 22*n - 153. What is the tens digit of r(-35)?
0
Suppose 4*u + 5*m = 1461, 3*m + 241 = -3*u + 1333. What is the hundreds digit of u?
3
Let u(f) = -f**2 - 15*f + 3. Let d be u(-15). Suppose 2*s - 2 = -3*k, -2*k - k = -d*s + 18. What is the units digit of 3 + 37 + k/1?
8
Let n(v) = v**3 - 10*v**2 - 8*v + 10. Let i be n(11). Let a = i - -91. What is the units digit of a?
4
Suppose -42 = -f - 4. Suppose 0 = 3*s - 2*s - f. Suppose -k = k - s. What is the tens digit of k?
1
Let w(h) = 8*h**2 + 4*h + 3. Let f(q) = -q**3 - 6*q**2 - 7*q - 12. Let b be f(-5). What is the units digit of w(b)?
7
Let a(j) = 7 + 8*j**2 - 4*j**2 - 3*j + 0*j**2 + 8*j. What is the tens digit of a(3)?
5
Suppose 45 = 5*k - 5*z, 3*k - 2*z = -5*z - 3. Let n be k/(-12) + (-20)/(-6). What is the tens digit of 20 + (12 - 3)/n?
2
Let t = 414 - 275. Suppose d - 5*h = t, 6*h = 3*h - 3. What is the units digit of d?
4
Let u(b) = -2*b - 1. Let z(y) = -7*y - 1. Let v be z(-1). Let j be u(v). Let h = -8 - j. What is the units digit of h?
5
Let u = 0 - 0. Let k = 6 + u. What is the units digit of k/(-4)*(4 - 10)?
9
Let d(r) = -3*r - 28. Let b be d(-9). What is the tens digit of 3542/56 + (b - 1)/8?
6
Suppose 0 = 3*w + 2*w. Suppose 3*c - 346 + 31 = w. Let f = c + -62. What is the units digit of f?
3
What is the thousands digit of (-1 - -3) + 2493 + 28?
2
Suppose 4*j + 145 = 45. What is the units digit of (6 - j/(-10)) + (-1)/2?
3
Let z be 48/32*(-28)/(-6). Let a(b) = 6*b + 17. What is the units digit of a(z)?
9
Let v(x) = -x**3 + 4*x**2 - x + 1. Let h = 14 + -21. Let w = -4 - h. What is the units digit of v(w)?
7
Suppose 0 = 4*u - 12 - 8. Let h be (-10)/8*(-8 - 16). Suppose u*p + 0*p + 4*d - 126 = 0, -p = -4*d - h. What is the units digit of p?
6
Let s(u) = -79*u**3 + 23 + 0*u + u - 2*u**2 - 21. What is the tens digit of s(-1)?
7
What is the units digit of 4771 + 0 - (6 - (20 + -6))?
9
Suppose 2*j = -4*w + 6312, 8816 = 5*w - 5*j + 941. What is the tens digit of w?
7
Suppose b = z + 5, z + z + 15 = 3*b. Suppose -p - 263 = -4*n - z*p, -4*p + 70 = n. What is the tens digit of n?
6
Let t(i) = i**2 - 2*i - 1. Let q be t(3). Let z be (-1*(-2 + q))/1. Suppose -a - 3*a + 68 = z. What is the tens digit of a?
1
Let o(j) = -j + 3. Let s be o(0). Suppose s*i - 61 = 5*a, i - 4*a - 32 = -0*a. What is the units digit of i?
2
Suppose 3*f - 67 = -4. Suppose -25*m + f*m = -288. What is the units digit of m?
2
Suppose 3*j - 205 + 76 = -3*g, -5*j + 5*g = -225. Suppose -j*x + 39*x = -225. What is the units digit of x?
5
Let c(k) = -4*k**3 + 2*k + 1. Let o(g) = -12*g**3 + 5*g + 11 + g - 8. Let r(b) = -8*c(b) + 3*o(b). What is the tens digit of r(-2)?
2
Let q = 417 - -1089. What is the hundreds digit of q?
5
Suppose -8*r - 471 = -3255. What is the units digit of -1 + (-2 - r/(-3))?
3
Let p = -284 - -137. Let n = p + 229. What is the units digit of n?
2
Suppose 3*v + 9 = 0, n + 2*n - 5*v = 1239. What is the units digit of n?
8
Let j(i) = -143*i - 33. What is the hundreds digit of j(-6)?
8
Let w(p) = 2*p**2 - 3 + 1 - 11*p + 6 + 5. What is the units digit of w(5)?
4
Suppose 7*u = 1857 + 2574. What is the units digit of u?
3
Let g = 77 - 72. Suppose -g*j = -957 + 197. What is the units digit of j?
2
Suppose -56*x = -10*x - 180320. What is the thousands digit of x?
3
Suppose -55*s = -60*s + 4280. Suppose 7*w = s + 96. What is the units digit of w?
6
Let b(a) = -a - 3. Let j(k) = -k - 1. Let c(n) = -b(n) + 4*j(n). Let v be c(-2). Suppose 0 = -g + 6*g - v. What is the units digit of g?
1
Let i be (-3)/(-6)*-2*(4 + -139). Let q = i - 50. What is the tens digit of q?
8
Let q = 85 - 85. Suppose q = -u - t + 66, 0*t = -2*u - t + 130. What is the units digit of u?
4
Suppose -9*u - 15599 = -43049. What is the hundreds digit of u?
0
Let s(q) = 2*q**3 - 10*q**2 - 13*q + 8. Let m be s(6). What is the units digit of 111/m*(26/6 - 3)?
4
Suppose 19656 = -307*h + 321*h. What is the tens digit of h?
0
Let p be (-10 + 9)/((-1)/(-13)). What is the tens digit of 2 + 2 - (p + 0)?
1
What is the hundreds digit of (1470/(-8))/(-6*(-12)/(-288))?
7
Let n(z) be the second derivative of 0 - 4*z + 1/6*z**3 + 7*z**2. What is the units digit of n(6)?
0
Let f be 14/6 + (-7)/21. Suppose -f*m + 186 = 42. What is the units digit of m?
2
Let m be 3/(6/(-8)) - (-15 + 12). What is the tens digit of 10 + 69 - (-3)/m?
7
Suppose 2*p + 2*s = 1150, 3*s - 2869 = -9*p + 4*p. What is the hundreds digit of p?
5
Suppose 22*h = 2*h + 200. What is the units digit of h?
0
Let r = 1 + 11. What is the units digit of -8 + r - (-2 - 3)?
9
Let p = -620 - -653. What is the tens digit of p?
3
Let s(c) = -c**3 - 3*c**2 + 2. Let o be s(-2). What is the tens digit of (0 - o/16) + 2616/64?
4